{"id":110,"date":"2023-03-21T21:13:56","date_gmt":"2023-03-21T20:13:56","guid":{"rendered":"https:\/\/montazem.de\/wordpress\/?page_id=110"},"modified":"2023-03-21T21:13:59","modified_gmt":"2023-03-21T20:13:59","slug":"erkrankungen-der-bws","status":"publish","type":"page","link":"https:\/\/montazem.de\/wordpress\/index.php\/erkrankungen-der-bws\/","title":{"rendered":"Erkrankungen der BWS"},"content":{"rendered":"\n<p>Verschleisserscheinungen und Instabilit\u00e4ten im Bereich der Brustwirbels\u00e4ule kommen im Vergleich zu den Hals- und Lendenwirbeln wesentlich seltener vor. Der Grund liegt darin, dass die Brustwirbels\u00e4ule zus\u00e4tzlich von den Rippen und dem Brustkorb gest\u00fctzt wird. Folgende Erkrankungen treten relativ h\u00e4ufig im Bereich der Brustwirbels\u00e4ule auf und k\u00f6nnen mit Hilfe der modernen Wirbels\u00e4ulenchirurgie sehr erfolgreich behandelt werden:<\/p>\n\n\n\n<figure id=\"Tabelle11\" class=\"wp-block-table\"><table><tbody><tr><td><strong>1.<\/strong><\/td><td>Schmerzzust\u00e4nde nach Wirbelbr\u00fcchen, mit&nbsp; und ohne Verschiebung der Wirbel<\/td><\/tr><tr><td><strong>2.<\/strong><\/td><td>Sogenannte Intercostalneuralgie, die durch eine relative Einklemmung der Zwischenrippennerven mit verursacht sein kann. Es\u00a0 handelt sich dabei um Schmerzen, die vom R\u00fccken bis in den Bereich der vorderen Brustwand ausstrahlen<\/td><\/tr><\/tbody><\/table><\/figure>\n\n\n\n<p>Auch Bandscheibenvorf\u00e4lle kommen hier vor, die teilweise nur mit Schmerzen im Bereich des Brustkorbs, oder aber auch mit anderen Symptomen, je nach Ausmass des Bandscheibenvorfalls, einhergehen k\u00f6nnen. Der Nachweis eines solchen Bandscheibenvorfalls kann durch eine kernspintomographische Untersuchung erbracht werden. Die Operation ist mit den heute zur Verf\u00fcgung stehenden modernen chirurgischen Instrumenten erfolgversprechend.<\/p>\n","protected":false},"excerpt":{"rendered":"<p>Verschleisserscheinungen und Instabilit\u00e4ten im Bereich der Brustwirbels\u00e4ule kommen im Vergleich zu den Hals- und Lendenwirbeln wesentlich seltener vor. Der Grund liegt darin, dass die Brustwirbels\u00e4ule zus\u00e4tzlich von den Rippen und dem Brustkorb gest\u00fctzt wird. Folgende Erkrankungen treten relativ h\u00e4ufig im &hellip; <a href=\"https:\/\/montazem.de\/wordpress\/index.php\/erkrankungen-der-bws\/\">Weiterlesen <span class=\"meta-nav\">&rarr;<\/span><\/a><\/p>\n","protected":false},"author":1,"featured_media":0,"parent":0,"menu_order":0,"comment_status":"closed","ping_status":"closed","template":"","meta":[],"_links":{"self":[{"href":"https:\/\/montazem.de\/wordpress\/index.php\/wp-json\/wp\/v2\/pages\/110"}],"collection":[{"href":"https:\/\/montazem.de\/wordpress\/index.php\/wp-json\/wp\/v2\/pages"}],"about":[{"href":"https:\/\/montazem.de\/wordpress\/index.php\/wp-json\/wp\/v2\/types\/page"}],"author":[{"embeddable":true,"href":"https:\/\/montazem.de\/wordpress\/index.php\/wp-json\/wp\/v2\/users\/1"}],"replies":[{"embeddable":true,"href":"https:\/\/montazem.de\/wordpress\/index.php\/wp-json\/wp\/v2\/comments?post=110"}],"version-history":[{"count":1,"href":"https:\/\/montazem.de\/wordpress\/index.php\/wp-json\/wp\/v2\/pages\/110\/revisions"}],"predecessor-version":[{"id":112,"href":"https:\/\/montazem.de\/wordpress\/index.php\/wp-json\/wp\/v2\/pages\/110\/revisions\/112"}],"wp:attachment":[{"href":"https:\/\/montazem.de\/wordpress\/index.php\/wp-json\/wp\/v2\/media?parent=110"}],"curies":[{"name":"wp","href":"https:\/\/api.w.org\/{rel}","templated":true}]}}