{"id":25,"date":"2023-03-19T21:29:16","date_gmt":"2023-03-19T20:29:16","guid":{"rendered":"https:\/\/montazem.de\/wordpress\/?page_id=25"},"modified":"2023-03-20T22:15:59","modified_gmt":"2023-03-20T21:15:59","slug":"die-wirbelsaeule","status":"publish","type":"page","link":"https:\/\/montazem.de\/wordpress\/index.php\/die-wirbelsaeule\/","title":{"rendered":"Die Wirbels\u00e4ule"},"content":{"rendered":"\n<p>Die <b>Wirbels\u00e4ule<\/b> (Columna vertebralis) bildet die L\u00e4ngsachse des Skeletts. Beim erwachsenen Menschen besteht die Wirbels\u00e4ule ohne Ber\u00fccksichtigung von Steiss- und Kreuzbein aus 24 Wirbeln , die in einer Linie untereinander von der Sch\u00e4delbasis bis zum Steissbein angeordnet sind.<br>Zwischen den Wirbeln liegen die Bandscheiben, welche der Wirbels\u00e4ule ihre Festigkeit und Beweglichkeit verleihen. Die Wirbel bilden weiterhin verschiedene Ansatzpunkte f\u00fcr kurze und lange Muskeln.<\/p>\n\n\n\n<p>Die Wirbels\u00e4ule ist unterteilt in :<\/p>\n\n\n<div class=\"wp-block-image\">\n<figure class=\"alignleft\"><img decoding=\"async\" loading=\"lazy\" width=\"166\" height=\"300\" src=\"https:\/\/montazem.de\/wordpress\/wp-content\/uploads\/2023\/03\/wbs-166x300.jpg\" alt=\"\" class=\"wp-image-26\" srcset=\"https:\/\/montazem.de\/wordpress\/wp-content\/uploads\/2023\/03\/wbs-166x300.jpg 166w, https:\/\/montazem.de\/wordpress\/wp-content\/uploads\/2023\/03\/wbs.jpg 220w\" sizes=\"(max-width: 166px) 100vw, 166px\" \/><\/figure><\/div>\n\n\n<p><span style=\"color: #000000;\">7 Halswirbel. Diese bilden die<b> <\/b><a style=\"color: #000000;\" href=\"file:\/\/\/C:\/Dokumente\/Business\/monti\/MONTI_ALT\/deutsch\/html\/halswirbelsaule.html\"><b>Halswirbels\u00e4ule<\/b><\/a>. Die einzelnen Wirbel werden fortlaufend numeriert als C1- C7 (Das C kommt von <b>C<\/b>ervical spine). <\/span><\/p>\n\n\n\n<p><span style=\"color: #000000;\">12 Brustwirbel. Diese bilden die<b> <\/b><a style=\"color: #000000;\" href=\"file:\/\/\/C:\/Dokumente\/Business\/monti\/MONTI_ALT\/deutsch\/html\/brustwirbelsaule.html\"><b>Brustwirbels\u00e4ule<\/b><\/a>. Die Wirbel der Brustwirbels\u00e4ule werden wiederum Th1 bis Th12 benannt (Th = <b>Th<\/b>oracic vertebra). Die Brustwirbels\u00e4ule ist sehr biegsam und hat nach ventral eine konkave Kr\u00fcmmung. <\/span><\/p>\n\n\n\n<p><b>&nbsp;<\/b>5 Lendenwirbel. diese bilden die<b> <\/b><a href=\"file:\/\/\/C:\/Dokumente\/Business\/monti\/MONTI_ALT\/deutsch\/html\/lendenwirbelsaule.html\"><b>Lendenwirbels\u00e4ule<\/b><\/a>. Diese Wirbel werden als L1 bis L5 identifiziert (L = <b>L<\/b>umbar vertebra). Die Lendenwirbel sind die gr\u00f6\u00dften Segmente des beweglichen Teils der Wirbels\u00e4ule.<\/p>\n\n\n\n<p>Beim Erwachsenen sind die 5 Kreuzbein- und die 4 Steissbeinwirbel zusammengewachsen und bilden das <a href=\"file:\/\/\/C:\/Dokumente\/Business\/monti\/MONTI_ALT\/deutsch\/html\/steissbein.html\"><b>Kreuzbein und Steissbein<\/b><\/a>.<\/p>\n\n\n\n<h2 class=\"wp-block-heading\"><u><span style=\"text-decoration: underline;\">Das R\u00fcckenmark<\/span><\/u><\/h2>\n\n\n<div class=\"wp-block-image wp-image-28\">\n<figure class=\"alignright\"><img decoding=\"async\" loading=\"lazy\" width=\"300\" height=\"232\" src=\"https:\/\/montazem.de\/wordpress\/wp-content\/uploads\/2023\/03\/Spinalkanal-300x232.jpg\" alt=\"\" class=\"wp-image-28\" srcset=\"https:\/\/montazem.de\/wordpress\/wp-content\/uploads\/2023\/03\/Spinalkanal-300x232.jpg 300w, https:\/\/montazem.de\/wordpress\/wp-content\/uploads\/2023\/03\/Spinalkanal.jpg 378w\" sizes=\"(max-width: 300px) 100vw, 300px\" \/><figcaption class=\"wp-element-caption\">Spinalkanal<\/figcaption><\/figure><\/div>\n\n\n<p>Die Wirbels\u00e4ule beherbergt in seinem Wirbelkanal das R\u00fcckenmark. Das R\u00fcckenmark (Medulla spinalis) bildet eine Art \u201cAutobahn\u201d zwischen dem Gehirn und den R\u00fcckenmarksnerven, den sogenannten Spinalnerven. \u201cAutobahn\u201d deswegen, weil Nervensignale teilweise mit sehr hoher Geschwindigkeit vom Gehirn zur Peripherie und umgekehrt geleitet werden. Dies geschieht \u00fcber grosse auf- und absteigende Leitungsbahnen, der <i>weissen Substanz<\/i> des R\u00fcckenmarks. Das R\u00fcckenmark kann aber auch durch die R\u00fcckenmarksreflexe z.B. besonders schnell erforderliche motorische Reaktionen ausl\u00f6sen. Das R\u00fcckenmark ist beim erwachsenen Menschen etwa 45 cm lang und geht in H\u00f6he des grossen Hinterhauptlochs aus dem verl\u00e4ngertem Mark hervor. Es ist zentimeterdicker Strang und geht im Wirbelkanal bis zum zweiten Lendenwirbel. Auf der gesamten L\u00e4nge entspringen beidseitig 31 Paare von Nervenwurzeln, die sich dann jeweils zu den Spinalnerven vereinigen. Durch diese Nervenwurzelabg\u00e4nge wird das R\u00fcckenmark in 31 R\u00fcckenmarksegmente unterteilt, welche eigene Reflex- und Verschaltungszentrum besitzen.Man unterscheidet folgende Segmente :<\/p>\n\n\n\n<ul>\n<li>8 Halssegmente, die insbesondere die Atmungsmuskulatur und die oberen Extremit\u00e4ten versorgen.<\/li>\n\n\n\n<li>12 Brustsegmente, deren Nervenwurzeln versorgen den gr\u00f6\u00dften Teil der Rumpfwand mit Reizleitungen.<\/li>\n\n\n\n<li>5 Lendensegmente<\/li>\n\n\n\n<li>5 Kreuzbeinsegmente, diese zusammen mit den Lendensegmenten die unteren Extremit\u00e4ten, das \u00e4ussere Genital und den Anus versorgen.<\/li>\n\n\n\n<li>ein bis drei Steissbeinsegmente, die den Hautbereich \u00fcber dem Steissbein versorgen.<\/li>\n<\/ul>\n\n\n\n<p>Die Segmente liegen jeweils innerhalb der Wirbelk\u00f6rper und haben verschiedene Versorgungs- oder Funktionsgebiete. So \u00fcbernimmt z.B. das R\u00fcckenmarksegment in H\u00f6he des 1. Brustwirbels (Th1) die Reiz\u00fcbertragung zu den Unterarmen, den Handgelenken, den H\u00e4nden, den Fingern, der Speise- und der Luftr\u00f6hre. Eine Verschiebung dieses Brustwirbels kann zu Beeintr\u00e4chtigungen in den genannten Versorgungsgebieten kommen. Da die jeweiligen Segmente innerhalb der Wirbelk\u00f6rper liegen, werden diese Segmente in der Literatur gleich den entsprechenden Wirbelk\u00f6rpern benannt.<br>Es gibt eine ganze Liste \u00fcber die Funktions- und Versorgungsgebiete der R\u00fcckenmarkssegmente, welche ich vollst\u00e4ndigkeitshalber im folgenden abbilde. Diese Liste stammt nicht von mir, sondern wurde von Chiropraktikern zusammengestellt. Man findet sie in der einschl\u00e4gigen Literatur aber auch im Buch \u201cAtlas des ganzheitlichen Heilens\u201d von E.A. R\u00f6cker (Copyright <a href=\"http:\/\/www.parkerchiropractic.com\">Parker Chiropractic<\/a> 1995):<br><\/p>\n\n\n\n<table id=\"tablepress-1\" class=\"tablepress tablepress-id-1\">\n<thead>\n<tr class=\"row-1\">\n\t<th class=\"column-1\">Wirbels\u00e4ulenabschnitt<\/th><th class=\"column-2\">R\u00fcckenmarksegment (=Wirbelk\u00f6rpername)<\/th><th class=\"column-3\">Funktions- und Versorgungsgebiet<\/th>\n<\/tr>\n<\/thead>\n<tbody class=\"row-striping row-hover\">\n<tr class=\"row-2\">\n\t<td class=\"column-1\">Halswirbels\u00e4ule<\/td><td class=\"column-2\">C1<\/td><td class=\"column-3\">Blutversorgung von Kopf, Hypophyse, Kopfhaut und Gesichtsknochen. Innen- und Mittelohr. Sympathisches Nervensystem<\/td>\n<\/tr>\n<tr class=\"row-3\">\n\t<td class=\"column-1\"><\/td><td class=\"column-2\">C2<\/td><td class=\"column-3\">Augen, Sehnerven, H\u00f6rnerven, Nebenh\u00f6hlen, Mastoid-Knochen, Zung, Stirn<\/td>\n<\/tr>\n<tr class=\"row-4\">\n\t<td class=\"column-1\"><\/td><td class=\"column-2\">C3<\/td><td class=\"column-3\">Wangen, Ohrmuscheln, Gesichtsknochen, Z\u00e4hne, Facialis-Nerv<\/td>\n<\/tr>\n<tr class=\"row-5\">\n\t<td class=\"column-1\"><\/td><td class=\"column-2\">C4<\/td><td class=\"column-3\">Nase, Lippen, Mund, Eustachische R\u00f6hre<\/td>\n<\/tr>\n<tr class=\"row-6\">\n\t<td class=\"column-1\"><\/td><td class=\"column-2\">C5<\/td><td class=\"column-3\">Stimmb\u00e4nder, Nackendr\u00fcsen, Rachen<\/td>\n<\/tr>\n<tr class=\"row-7\">\n\t<td class=\"column-1\"><\/td><td class=\"column-2\">C6<\/td><td class=\"column-3\">Nackenmuskulatur, Schultern, Mandeln<\/td>\n<\/tr>\n<tr class=\"row-8\">\n\t<td class=\"column-1\"><\/td><td class=\"column-2\">C7<\/td><td class=\"column-3\">Schilddr\u00fcse, Schulter-Schleimbeutel, Ellbogen<\/td>\n<\/tr>\n<tr class=\"row-9\">\n\t<td class=\"column-1\">Brustwirbels\u00e4ule<\/td><td class=\"column-2\">Th1<\/td><td class=\"column-3\">Unterarme, Handgelenke, H\u00e4nde, Finger, Speiser\u00f6hre, Luftr\u00f6hre<\/td>\n<\/tr>\n<tr class=\"row-10\">\n\t<td class=\"column-1\"><\/td><td class=\"column-2\">Th2<\/td><td class=\"column-3\">Herz mit seinen Klappen und seiner Umh\u00fcllung, Herzkranzgef\u00e4sse <\/td>\n<\/tr>\n<tr class=\"row-11\">\n\t<td class=\"column-1\"><\/td><td class=\"column-2\">Th3<\/td><td class=\"column-3\">Lungen, Bronchien, Rippenfell, Brustkorb, Br\u00fcste<\/td>\n<\/tr>\n<tr class=\"row-12\">\n\t<td class=\"column-1\"><\/td><td class=\"column-2\">Th4<\/td><td class=\"column-3\">Gallenblase, Galleng\u00e4nge<\/td>\n<\/tr>\n<tr class=\"row-13\">\n\t<td class=\"column-1\"><\/td><td class=\"column-2\">Th5 <\/td><td class=\"column-3\">Leber, Solarplexus, Blut<\/td>\n<\/tr>\n<tr class=\"row-14\">\n\t<td class=\"column-1\"><\/td><td class=\"column-2\">Th6<\/td><td class=\"column-3\">Magen<\/td>\n<\/tr>\n<tr class=\"row-15\">\n\t<td class=\"column-1\"><\/td><td class=\"column-2\">Th7<\/td><td class=\"column-3\">Bauchspeicheldr\u00fcse, Zw\u00f6lffingerdarm<\/td>\n<\/tr>\n<tr class=\"row-16\">\n\t<td class=\"column-1\"><\/td><td class=\"column-2\">Th8<\/td><td class=\"column-3\">Milz<\/td>\n<\/tr>\n<tr class=\"row-17\">\n\t<td class=\"column-1\"><\/td><td class=\"column-2\">Th9<\/td><td class=\"column-3\">Nebennieren<\/td>\n<\/tr>\n<tr class=\"row-18\">\n\t<td class=\"column-1\"><\/td><td class=\"column-2\">Th10<\/td><td class=\"column-3\">Nieren<\/td>\n<\/tr>\n<tr class=\"row-19\">\n\t<td class=\"column-1\"><\/td><td class=\"column-2\">Th11<\/td><td class=\"column-3\">Nieren, Harnleiter<\/td>\n<\/tr>\n<tr class=\"row-20\">\n\t<td class=\"column-1\"><\/td><td class=\"column-2\">Th12<\/td><td class=\"column-3\">D\u00fcnndarm, Lymphsystem<\/td>\n<\/tr>\n<tr class=\"row-21\">\n\t<td class=\"column-1\">Lendenwirbels\u00e4ule<\/td><td class=\"column-2\">L1<\/td><td class=\"column-3\">Dickdarm, Leistenpforte<\/td>\n<\/tr>\n<tr class=\"row-22\">\n\t<td class=\"column-1\"><\/td><td class=\"column-2\">L2<\/td><td class=\"column-3\">Blinddarm, Bauch, Oberschenkel<\/td>\n<\/tr>\n<tr class=\"row-23\">\n\t<td class=\"column-1\"><\/td><td class=\"column-2\">L3<\/td><td class=\"column-3\">Geschlechtsorgane, Geb\u00e4rmutter, Blase, Knie<\/td>\n<\/tr>\n<tr class=\"row-24\">\n\t<td class=\"column-1\"><\/td><td class=\"column-2\">L4<\/td><td class=\"column-3\">Prostata, Muskeln der unteren R\u00fcckenabschnitte, Ischias<\/td>\n<\/tr>\n<tr class=\"row-25\">\n\t<td class=\"column-1\"><\/td><td class=\"column-2\">L5<\/td><td class=\"column-3\">Unterschenkel, Sprunggelenke, F\u00fcsse<\/td>\n<\/tr>\n<tr class=\"row-26\">\n\t<td class=\"column-1\">Kreuzbein<\/td><td class=\"column-2\">Kreuzbein<\/td><td class=\"column-3\">H\u00fcftknochen, Ges\u00e4ss<\/td>\n<\/tr>\n<tr class=\"row-27\">\n\t<td class=\"column-1\">Steissbein<\/td><td class=\"column-2\">Steissbein<\/td><td class=\"column-3\">Enddarm, After<\/td>\n<\/tr>\n<\/tbody>\n<\/table>\n<!-- #tablepress-1 from cache -->\n\n\n<p>Wie man im Bild oben sieht, ist das R\u00fcckenmark recht gut gepolstert zwischen Wirbelk\u00f6rper und Wirbelbogen eingebettet. Die Fettgewebsschicht des Epiduralraums und besonders der liquorgef\u00fcllte Subarachnoidalraum bilden, wenn man so will, diese Knautschzone des R\u00fcckenmarks.<br>Die schon genannten Spinalnerven sind Teil des peripheren Nervensystems und verlassen den Wirbelkanal der Wirbels\u00e4ule durch die Zwischenwirbell\u00f6cher, also durch die \u00d6ffnung zwischen zwei benachbarten Wirbeln.<\/p>\n\n\n\n<h2 class=\"wp-block-heading\"><a name=\"Bandscheibe\"><\/a><strong><u>Die Zwischenwirbelscheiben<\/u><\/strong><\/h2>\n\n\n<div class=\"wp-block-image wp-image-29 size-full\">\n<figure class=\"alignright\"><img decoding=\"async\" loading=\"lazy\" width=\"213\" height=\"255\" src=\"https:\/\/montazem.de\/wordpress\/wp-content\/uploads\/2023\/03\/Bandscheibe.jpg\" alt=\"\" class=\"wp-image-29\"\/><figcaption class=\"wp-element-caption\">Bandscheibe<\/figcaption><\/figure><\/div>\n\n\n<p>Vom 2. Halswirbel bis zum Kreuzbein liegen zwischen benachbarten Wirbeln recht kr\u00e4ftige etwa f\u00fcnf Millimeter dicke Faserknorpelplatten, die sogenannten Zwischenwirbelscheiben (Disci intervertebrales), besser bekannt als Bandscheiben. Sie wirken als feste Bindeglieder und elastischer Puffer der Wirbels\u00e4ule. Sie bestehen aus einem \u00e4usseren, in konzentrischen Lagen angeordneten Faserring, dem Anulus fibrosus, und einem zentralen, druckelastischen, gallertigen Kern, dem Nucleus pulposus. Die Fasern des Anulus fibrosus \u00fcberkreuzen sich in aufeinander folgenden Lagen zur Erh\u00f6hung des Widerstands gegen eine Verwindung. Die Bandscheiben machen etwa 25% der Gesamtl\u00e4nge der Wirbels\u00e4ule aus. Sie haben vertikal gesehen die Form eines Keils, dadurch entsteht die konvexe Kr\u00fcmmung der Lendenwirbels\u00e4ule.<\/p>\n\n\n<div class=\"wp-block-image wp-image-30\">\n<figure class=\"alignright\"><img decoding=\"async\" loading=\"lazy\" width=\"300\" height=\"267\" src=\"https:\/\/montazem.de\/wordpress\/wp-content\/uploads\/2023\/03\/Bandscheibe_bewegung-300x267.jpg\" alt=\"\" class=\"wp-image-30\" srcset=\"https:\/\/montazem.de\/wordpress\/wp-content\/uploads\/2023\/03\/Bandscheibe_bewegung-300x267.jpg 300w, https:\/\/montazem.de\/wordpress\/wp-content\/uploads\/2023\/03\/Bandscheibe_bewegung.jpg 325w\" sizes=\"(max-width: 300px) 100vw, 300px\" \/><figcaption class=\"wp-element-caption\">Aus: Huch\/Bauer: Mensch K\u00f6rper Krankheit, 4.Aufl., 2003 Urban + Fischer Verlag, M\u00fcnchen, Jena<\/figcaption><\/figure><\/div>\n\n\n<p>Bandscheiben werden nur sp\u00e4rlich mit Gef\u00e4ssen und Nerven versorgt.<br>Die Bandscheiben bilden elastische Verbindungen der Wirbelk\u00f6rper und erh\u00f6hen die Beweglichkeit der Wirbels\u00e4ule, indem sie sich entsprechend mit verformen. Dabei verschiebt sich der Nucleus pulposus recht geringgradig innerhalb der Bandscheibe je nach Beugung oder Streckung der Wirbels\u00e4ule. Damit funktioniert die Wirbels\u00e4ule wie ein Stossd\u00e4mpfer und f\u00e4ngt Stauchungen der Wirbels\u00e4ule ab.Die Bandscheibe ver\u00e4ndert sich mit dem Alter :<\/p>\n\n\n\n<ul>\n<li>Der Wassergehalt des Nucleus pulposus verringert sich und die gallertige Grundsubstanz wird allm\u00e4hlich durch Faserknorpel ersetzt, so dass er dem Anulus fibrosus immer \u00e4hnlicher wird. Dadurch nimmt die Dicke der Bandscheibe geringf\u00fcgig ab, die Wirbels\u00e4ulenl\u00e4nge kann dabei insgesamt um 2-3 cm abnehmen. Deswegen werden Menschen im Alter \u201ckleiner\u201d.<\/li>\n\n\n\n<li>Der Anulus fibrosus wird rissig, damit k\u00f6nnen Teile des Nucleus pulposus durch ihn hindurchtreten und sich gegen den Wirbelkanal vorw\u00f6lben.<\/li>\n<\/ul>\n\n\n\n<p>Bei Verletzungen oder Erkrankungen geben die Fasern der Anulus fibrosus nach. Damit kann der von ihnen umschlossene Nucleus pulposus, der unter Quellungsdruck steht, das hintere L\u00e4ngsband perforieren und Nerven sowie Gef\u00e4sse komprimieren. Das nennt man Bandscheibenvorfall.<\/p>\n","protected":false},"excerpt":{"rendered":"<p>Die Wirbels\u00e4ule (Columna vertebralis) bildet die L\u00e4ngsachse des Skeletts. Beim erwachsenen Menschen besteht die Wirbels\u00e4ule ohne Ber\u00fccksichtigung von Steiss- und Kreuzbein aus 24 Wirbeln , die in einer Linie untereinander von der Sch\u00e4delbasis bis zum Steissbein angeordnet sind.Zwischen den Wirbeln &hellip; <a href=\"https:\/\/montazem.de\/wordpress\/index.php\/die-wirbelsaeule\/\">Weiterlesen <span class=\"meta-nav\">&rarr;<\/span><\/a><\/p>\n","protected":false},"author":1,"featured_media":0,"parent":0,"menu_order":0,"comment_status":"closed","ping_status":"closed","template":"","meta":[],"_links":{"self":[{"href":"https:\/\/montazem.de\/wordpress\/index.php\/wp-json\/wp\/v2\/pages\/25"}],"collection":[{"href":"https:\/\/montazem.de\/wordpress\/index.php\/wp-json\/wp\/v2\/pages"}],"about":[{"href":"https:\/\/montazem.de\/wordpress\/index.php\/wp-json\/wp\/v2\/types\/page"}],"author":[{"embeddable":true,"href":"https:\/\/montazem.de\/wordpress\/index.php\/wp-json\/wp\/v2\/users\/1"}],"replies":[{"embeddable":true,"href":"https:\/\/montazem.de\/wordpress\/index.php\/wp-json\/wp\/v2\/comments?post=25"}],"version-history":[{"count":8,"href":"https:\/\/montazem.de\/wordpress\/index.php\/wp-json\/wp\/v2\/pages\/25\/revisions"}],"predecessor-version":[{"id":106,"href":"https:\/\/montazem.de\/wordpress\/index.php\/wp-json\/wp\/v2\/pages\/25\/revisions\/106"}],"wp:attachment":[{"href":"https:\/\/montazem.de\/wordpress\/index.php\/wp-json\/wp\/v2\/media?parent=25"}],"curies":[{"name":"wp","href":"https:\/\/api.w.org\/{rel}","templated":true}]}}