{"id":44,"date":"2023-03-19T21:58:24","date_gmt":"2023-03-19T20:58:24","guid":{"rendered":"https:\/\/montazem.de\/wordpress\/?page_id=44"},"modified":"2023-03-20T20:08:49","modified_gmt":"2023-03-20T19:08:49","slug":"die-halswirbelsaeule","status":"publish","type":"page","link":"https:\/\/montazem.de\/wordpress\/index.php\/die-halswirbelsaeule\/","title":{"rendered":"Die Halswirbels\u00e4ule"},"content":{"rendered":"<div class=\"wp-block-image\">\n<figure class=\"alignleft size-full is-resized\"><img decoding=\"async\" loading=\"lazy\" src=\"https:\/\/montazem.de\/wordpress\/wp-content\/uploads\/2023\/03\/HWS_Kopfgelenk.jpg\" alt=\"\" class=\"wp-image-49\" width=\"185\" height=\"223\"\/><figcaption class=\"wp-element-caption\">Kopfgelenk<\/figcaption><\/figure><\/div>\n\n\n<p><\/p>\n\n\n\n<p>Die Halswirbels\u00e4ule ist der beweglichste aber auch schw\u00e4chste Teil der gesamten Wirbels\u00e4ule. Sie wird unterteilt in<\/p>\n\n\n\n<ul>\n<li>die f\u00fcnfteilige \u201cklassische\u201d HWS (C3 &#8211; C7)<br><\/li>\n\n\n\n<li>dem Kopfgelenkbereich, dieser besteht aus\u00a0 Atlas (C1), Axis (C2) und dem Bewegungs-\u00a0 \u00a0 segment C2\/3<\/li>\n<\/ul>\n\n\n\n<p><\/p>\n\n\n\n<h2 class=\"has-text-align-left wp-block-heading\">Der Kopfgelenkbereich <\/h2>\n\n\n<div class=\"wp-block-image\">\n<figure class=\"alignright size-full\"><img decoding=\"async\" loading=\"lazy\" width=\"258\" height=\"231\" src=\"https:\/\/montazem.de\/wordpress\/wp-content\/uploads\/2023\/03\/AtlantoAxialGelenk1.jpg\" alt=\"\" class=\"wp-image-52\"\/><figcaption class=\"wp-element-caption\"><a href=\"http:\/\/www.elsevier-deutschland.de\/artikel\/676269&amp; sbid=&amp; sgid=\" target=\"_blank\" rel=\"noreferrer noopener nofollow\">Aus: Huch\/Bauer: Mensch K\u00f6rper Krankheit, 4.Aufl., 2003 Urban + Fischer Verlag, M\u00fcnchen, Jena<\/a><\/figcaption><\/figure><\/div>\n\n\n<p>Der <a href=\"file:\/\/\/C:\/Dokumente\/Business\/monti\/MONTI_ALT\/deutsch\/html\/kopfgelenk.html\">Kopfgelenkbereich<\/a> besteht aus dem oberen und dem unteren Kopfgelenk. Das obere Kopfgelenk (Articulatio <img decoding=\"async\" loading=\"lazy\" width=\"258\" height=\"231\" src=\"\" alt=\"Atlas\">atlantooccipipitalis) besteht aus dem ersten Halswirbel Atlas (C1) und den Gelenkfl\u00e4chen des Hinterhauptbeins.<br>Der <strong>Atlas<\/strong> besitzt als einziger Wirbel keinen Wirbelk\u00f6rper. Daf\u00fcr besitzt dieser Wirbel rechts und links sogenannte Auftreibungen (Massa lateralis), welche im Bild rechts an den blauen schuhsohlenf\u00f6rmigen Fl\u00e4chen zu erkennen sind. Diese Auftreibungen sind \u00fcber den vorderen und hinteren Atlasbogen verbunden. Die Oberseiten der Auftreibungen bilden zwei Gelenkpfannen, die mit den sogenannten \u201cKondylen\u201d des Hinterhauptbeins in Kontakt treten. Die Gelenkfl\u00e4chen stimmen nicht genau \u00fcberein, was uns die M\u00f6glichkeit gibt, Nick- (maximal 30 Grad) und seitliche Neigbewegungen (weniger als 20 Grad) durchf\u00fchren zu k\u00f6nnen. Der Atlas \u201ctr\u00e4gt\u201d bildlich gesprochen\u00a0 den Kopf, wie der Riese Atlas aus der griechischen Mythologie das Himmelsgew\u00f6lbe auf seinen Schultern trug. Daher stammt auch der Name des Wirbels. Der Atlas hat das Gewicht des Kopfes von bis zu 7 Kilogramm zu tragen.<\/p>\n\n\n<div class=\"wp-block-image\">\n<figure class=\"alignright size-full\"><img decoding=\"async\" loading=\"lazy\" width=\"267\" height=\"215\" src=\"https:\/\/montazem.de\/wordpress\/wp-content\/uploads\/2023\/03\/AtlantoAxialGelenk2.jpg\" alt=\"\" class=\"wp-image-55\"\/><figcaption class=\"wp-element-caption\"><a href=\"http:\/\/www.elsevier-deutschland.de\/artikel\/676269&amp; sbid=&amp; sgid=\" target=\"_blank\" rel=\"noreferrer noopener nofollow\">Aus: Huch\/Bauer: Mensch K\u00f6rper Krankheit, 4.Aufl., 2003 Urban + Fischer Verlag, M\u00fcnchen, Jena<\/a><\/figcaption><\/figure><\/div>\n\n\n<p>Die <strong>Axis<\/strong> ist der 2. Wirbel , auch C2 genannt, und bildet das untere Kopfgelenk (Articulatio atlantoaxialis). Die Axis ist auf Drehbewegungen spezialisiert. Dabei kontaktieren die runden Gelenkpfannen an der Unterseite des Atlas die entsprechenden Gelenkfl\u00e4chen der Axis. Die Axis hat schon einen Wirbelk\u00f6rper und einen Wirbelbogen, sowie kr\u00e4ftige Quer- und Dornforts\u00e4tze. Markantestes Merkmal der Axis ist ihr Zahn (Dens axis). Der Dens ist eine kr\u00e4ftige Auftreibung nach oben und ragt in den Altas. An seiner Vorderfl\u00e4che ist er \u00fcberknorpelt und besitzt eine flache Gelenkpfanne an der Innenseite. Mit dieser Innenseite nimmt der Dens Kontakt mit dem vorderen Bogen des Atlas auf.. Die ebenfalls \u00fcberknorpelte R\u00fcckseite des Dens gleitet auf einem derben Querband (Ligamenta transversum), welches zwischen den beiden Auftreibungen des Atlas gespannt ist (siehe obiges Bild). Dabei entsteht ein Hohlraum (\u00e4hnlich einem Spalt) zwischen dem vorderen Atlasbogen und dem Querband. In diesem Hohlraum kann der Dens sich bewegen und Rotationen um 15\u00b0 bis 25\u00b0 nach links oder rechts durchf\u00fchren. Auch leichte Streck- und Nickbewegungen sind m\u00f6glich, weil die seitlichen Gelenkfl\u00e4chen wiederum nicht exakt zusammenpassen.<\/p>\n\n\n<div class=\"wp-block-image\">\n<figure class=\"alignleft size-full\"><img decoding=\"async\" loading=\"lazy\" width=\"350\" height=\"350\" src=\"https:\/\/montazem.de\/wordpress\/wp-content\/uploads\/2023\/03\/kopfgelenksbaender.jpg\" alt=\"\" class=\"wp-image-56\" srcset=\"https:\/\/montazem.de\/wordpress\/wp-content\/uploads\/2023\/03\/kopfgelenksbaender.jpg 350w, https:\/\/montazem.de\/wordpress\/wp-content\/uploads\/2023\/03\/kopfgelenksbaender-300x300.jpg 300w, https:\/\/montazem.de\/wordpress\/wp-content\/uploads\/2023\/03\/kopfgelenksbaender-150x150.jpg 150w\" sizes=\"(max-width: 350px) 100vw, 350px\" \/><figcaption class=\"wp-element-caption\">Kopfgelenksb\u00e4nder<\/figcaption><\/figure><\/div>\n\n\n<p>Das <a href=\"file:\/\/\/C:\/Dokumente\/Business\/monti\/MONTI_ALT\/deutsch\/html\/kopfgelenk.html\">Kopfgelenk<\/a> ist sehr beweglich, weil es recht \u201cschlaff\u201d ist. Um aber zu vermeiden, dass unkontrollierte Streck-, Beuge- und Drehbewegung das R\u00fcckenmark verletzen, hemmen mehrere B\u00e4nder die\u00a0 Bewegungsarten im Kopfgelenk. Die <strong>Membrana atlantooccipitalis anterior <\/strong>erstreckt sich zwischen vorderem Atlasbogen und Hinterhauptbein. Dieses Band verhindert \u00fcberm\u00e4ssiges Strecken im oberen Kopfgelenk. Es gibt drei weitere wichtige B\u00e4nder, welche im nebenstehenden Bild ersichtlich sind. Diese ziehen sich V-f\u00f6rmig vom Dens an die vordere und seitliche Begrenzung des Hinterhauptlochs. Die seitlichen B\u00e4nder heissen <strong>Ligamenta alaria<\/strong>, das Band in der Mitte heisst <strong>Ligamenta cruciforme<\/strong>. Diese B\u00e4nder hemmen ein \u00fcberm\u00e4ssiges Drehen und Kippen im unteren Kopfgelenk.<br>Ein \u201ckomplettes\u201d Bild des Kopfgelenkes finden Sie als Zusammenfassung <a href=\"file:\/\/\/C:\/Dokumente\/Business\/monti\/MONTI_ALT\/deutsch\/html\/kopfgelenk.html\">hier<\/a>.<\/p>\n\n\n\n<h2 class=\"wp-block-heading\">Die klassische Halswirbels\u00e4ule<\/h2>\n\n\n<div class=\"wp-block-image\">\n<figure class=\"alignright size-full\"><img decoding=\"async\" loading=\"lazy\" width=\"195\" height=\"350\" src=\"https:\/\/montazem.de\/wordpress\/wp-content\/uploads\/2023\/03\/HWS.jpg\" alt=\"\" class=\"wp-image-62\" srcset=\"https:\/\/montazem.de\/wordpress\/wp-content\/uploads\/2023\/03\/HWS.jpg 195w, https:\/\/montazem.de\/wordpress\/wp-content\/uploads\/2023\/03\/HWS-167x300.jpg 167w\" sizes=\"(max-width: 195px) 100vw, 195px\" \/><figcaption class=\"wp-element-caption\">Halswirbels\u00e4ule<\/figcaption><\/figure><\/div>\n\n<div class=\"wp-block-image\">\n<figure class=\"alignleft size-full\"><img decoding=\"async\" loading=\"lazy\" width=\"214\" height=\"174\" src=\"https:\/\/montazem.de\/wordpress\/wp-content\/uploads\/2023\/03\/Halswirbelbild.jpg\" alt=\"\" class=\"wp-image-61\"\/><figcaption class=\"wp-element-caption\">Halswirbel<\/figcaption><\/figure><\/div>\n\n<div class=\"wp-block-image\">\n<figure class=\"alignleft size-full\"><img decoding=\"async\" loading=\"lazy\" width=\"214\" height=\"195\" src=\"https:\/\/montazem.de\/wordpress\/wp-content\/uploads\/2023\/03\/Halswirbel-1.jpg\" alt=\"\" class=\"wp-image-64\"\/><figcaption class=\"wp-element-caption\"><a href=\"http:\/\/www.elsevier-deutschland.de\/artikel\/676269&amp; sbid=&amp; sgid=\">Aus: Huch\/Bauer: Mensch K\u00f6rper Krankheit, 4.Aufl., 2003 Urban + Fischer Verlag, M\u00fcnchen, Jena<\/a><\/figcaption><\/figure><\/div>\n\n\n<p>Die klassische Halswirbels\u00e4ule besteht aus f\u00fcnf Wirbeln C3 bis C7. Die Wirbel haben weitgehend die typische Wirbelgrundform, sie sind jedoch an der Foramina transversaria (Das ist eine Art Kanal f\u00fcr Arterien) als Halswirbel zu erkennen. Die Halswirbel sind im Vergleich zu den Wirbeln der restlichen Wirbels\u00e4ule kleiner, wobei sie sich von kranial (oben) nach kaudal (unten) vergr\u00f6ssern, sie sind auch quer breiter als von vorn nach hinten.\u00a0 Die obere Vorder- fl\u00e4che des Wirbels ist schaufelf\u00f6rmig ausgebildet. Die Seitenr\u00e4nder dieser Fl\u00e4che ist\u00a0 aufge- worfen, das nennt man Uncus corporis, an der Unterseite jedoch abge- schr\u00e4gt und gefurcht. Vom Uncus corporis gehen gelegentlich kleine Knochenwucherungen aus, die auf die jeweiligen Spinalnerven dr\u00fccken k\u00f6nnen. Die Halswirbell\u00f6cher sind verh\u00e4ltnism\u00e4ssig gross, weil sie die zervikale Anschwellung des R\u00fcckenmarks (Intumescentia cervicalis) aufnehmen. Jeder Halswirbel steht \u00fcber den oberen Gelenkfortsatz, auch Facies articularis superior genannt, zum unteren Gelenkfortsatz des dar\u00fcberliegenden Halswirbels\u00a0 in Kontakt. So bildet sich der Wirbelkanal der HWS, der auch Foramina intervertebralia genannt wird.<br>Der 7. Halswirbel, auch Vertebra prominens genannt, hebt sich ein wenig von den anderen Wirbeln der HWS ab. Sein sehr langer Dornfortsatz endet in einem deutlichen H\u00f6cker. Diesen H\u00f6cker kann man am unteren Ende der Nackenfurche relativ leicht ertasten. Dem 7. Halswirbel fehlt manchmal der Foramen transversarium auf einer oder auch auf beiden Seiten.<\/p>\n\n\n<div class=\"wp-block-image\">\n<figure class=\"alignleft size-full is-resized\"><img decoding=\"async\" loading=\"lazy\" src=\"https:\/\/montazem.de\/wordpress\/wp-content\/uploads\/2023\/03\/Arteria_vertebralis.jpg\" alt=\"\" class=\"wp-image-67\" width=\"259\" height=\"398\" srcset=\"https:\/\/montazem.de\/wordpress\/wp-content\/uploads\/2023\/03\/Arteria_vertebralis.jpg 239w, https:\/\/montazem.de\/wordpress\/wp-content\/uploads\/2023\/03\/Arteria_vertebralis-195x300.jpg 195w\" sizes=\"(max-width: 259px) 100vw, 259px\" \/><figcaption class=\"wp-element-caption\">Arterienverlauf in der HWS und im Kopf<\/figcaption><\/figure><\/div>\n\n\n<p>Die Halswirbels\u00e4ule beherbergt des weiteren einen Teil des <a href=\"file:\/\/\/C:\/Dokumente\/Business\/monti\/MONTI_ALT\/deutsch\/html\/rueckenmwirbelsaule.html\">R\u00fcckenmarks<\/a>, n\u00e4mlich 8 R\u00fcckenmarkssegmente (Halssegmente) die insbesondere die Atmungsmuskulatur und die oberen Extremit\u00e4ten versorgen. Aber nicht nur Nervenstr\u00e4nge durchlaufen die Halswirbels\u00e4ule, es gibt auch Arterien, die die HWS als \u201cKanal\u201d benutzen. Die wichtigsten Arterien hier sind die zwei Arteria vertebralis. Beide Arterien entspringen der Arteria subclavia (Ateria ist lateinisch f\u00fcr Arterie), ziehen sich rechts und links der HWS durch die Foramina transversi (Plural f\u00fcr Foramina transversaria) des 6. bis 2. Halswirbel, nach dem Durchtritt durch den 2. Halswirbel biegt jede der Arterien dorsal (nach hinten) ab und verl\u00e4uft auf dem hinteren Atlasbogen, dies ist die Atlasschleife der Arterie. Die Arterien gehen dann in die hintere Sch\u00e4delgrube und verlaufen dann wieder nach vorn (kranial). Beide Arteria vertebralis vereinigen sich dann zur Arteria basilaris.<br>Diese Arterien versorgen das Kleinhirn, Teile des Mittelhirns und des Hirnstamms, des weiteren Geh\u00f6r- und Gleichgewichtsorgane und hintere Anteile des Grosshirns, sowie zervikale Spinalnerven und Ganglien (Nervenwurzeln). Man beachte, dass die Arterie sehr gering dehnbar ist.<\/p>\n\n\n\n<p>Ich hoffe, ich konnte Ihnen den filigranen und komplizierten Aufbau der Halswirbels\u00e4ule etwas n\u00e4her bringen. Diese Erkl\u00e4rungen hier sind meiner Meinung nach wichtig, um zu verstehen, welche Folgen Verletzungen der HWS nach sich ziehen k\u00f6nnen. Leider kommt es in unserer technisierten Welt h\u00e4ufig zu <a href=\"file:\/\/\/C:\/Dokumente\/Business\/monti\/MONTI_ALT\/deutsch\/html\/der_hws.html\">Verletzungen der HWS<\/a>, denken Sie nur an das <a href=\"file:\/\/\/C:\/Dokumente\/Business\/monti\/MONTI_ALT\/deutsch\/html\/schleudertrauma.html\">Schleudertrauma<\/a>.<\/p>\n","protected":false},"excerpt":{"rendered":"<p>Die Halswirbels\u00e4ule ist der beweglichste aber auch schw\u00e4chste Teil der gesamten Wirbels\u00e4ule. Sie wird unterteilt in Der Kopfgelenkbereich Der Kopfgelenkbereich besteht aus dem oberen und dem unteren Kopfgelenk. Das obere Kopfgelenk (Articulatio atlantooccipipitalis) besteht aus dem ersten Halswirbel Atlas (C1) &hellip; <a href=\"https:\/\/montazem.de\/wordpress\/index.php\/die-halswirbelsaeule\/\">Weiterlesen <span class=\"meta-nav\">&rarr;<\/span><\/a><\/p>\n","protected":false},"author":1,"featured_media":0,"parent":0,"menu_order":0,"comment_status":"closed","ping_status":"closed","template":"","meta":[],"_links":{"self":[{"href":"https:\/\/montazem.de\/wordpress\/index.php\/wp-json\/wp\/v2\/pages\/44"}],"collection":[{"href":"https:\/\/montazem.de\/wordpress\/index.php\/wp-json\/wp\/v2\/pages"}],"about":[{"href":"https:\/\/montazem.de\/wordpress\/index.php\/wp-json\/wp\/v2\/types\/page"}],"author":[{"embeddable":true,"href":"https:\/\/montazem.de\/wordpress\/index.php\/wp-json\/wp\/v2\/users\/1"}],"replies":[{"embeddable":true,"href":"https:\/\/montazem.de\/wordpress\/index.php\/wp-json\/wp\/v2\/comments?post=44"}],"version-history":[{"count":8,"href":"https:\/\/montazem.de\/wordpress\/index.php\/wp-json\/wp\/v2\/pages\/44\/revisions"}],"predecessor-version":[{"id":70,"href":"https:\/\/montazem.de\/wordpress\/index.php\/wp-json\/wp\/v2\/pages\/44\/revisions\/70"}],"wp:attachment":[{"href":"https:\/\/montazem.de\/wordpress\/index.php\/wp-json\/wp\/v2\/media?parent=44"}],"curies":[{"name":"wp","href":"https:\/\/api.w.org\/{rel}","templated":true}]}}